{"id":40,"date":"2014-01-04T16:16:59","date_gmt":"2014-01-04T16:16:59","guid":{"rendered":"http:\/\/jbo-scholz-geroda.de\/wordpress-trunk\/?page_id=40"},"modified":"2017-02-08T15:43:43","modified_gmt":"2017-02-08T15:43:43","slug":"orchester","status":"publish","type":"page","link":"https:\/\/www.jbo-scholz-geroda.de\/?page_id=40","title":{"rendered":"Orchester"},"content":{"rendered":"<p><a href=\"http:\/\/jbo-scholz-geroda.de\/wordpress-trunk\/wp-content\/uploads\/2014\/01\/LogoSchwarz-Kopie.png\"><img decoding=\"async\" class=\"alignright size-medium wp-image-18\" src=\"http:\/\/jbo-scholz-geroda.de\/wordpress-trunk\/wp-content\/uploads\/2014\/01\/LogoSchwarz-Kopie.png\" alt=\"Logo JBO Scholz\" width=\"400px\" height=\"300px\" \/><\/a><\/p>\n<p>Unser Orchester besteht aus Jugendlichen und jung gebliebenen Erwachsenen im Alter zwischen 13 und 54 Jahren. Die meisten Aktiven kommen aus Geroda und dem Ortsteil Platz: Aber auch aus Singenrain, Sch\u00f6nderling, Stralsbach, Bad Kissingen und Bad Br\u00fcckenau haben Musikbegeisterte den Weg in unser Orchester gefunden.<\/p>\n<p>Das Hauptorchester mit \u00fcber 50 Musikerinnen und Musikern ist unser musikalisches Aush\u00e4ngeschild. Daneben haben sich auch Musiker zu kleineren Musikgruppen zusammen geschlossen. Somit sind wir in der gl\u00fccklichen Lage, f\u00fcr nahezu jede Art von Veranstaltung die richtige Besetzung anbieten zu k\u00f6nnen.<\/p>\n<p>Wir haben in unserem Programm die unterschiedlichsten Musikrichtungen zu bieten. Angefangen von b\u00f6hmisch-bayerischen Kl\u00e4ngen, weiter \u00fcber Swing und Bigbandsound, zeitgem\u00e4\u00dfe Unterhaltungsmusik bis hin zu Musicals, Pop, Rock und verschiedenen Gesangsnummern. Lockere Moderation und witzige Beitr\u00e4ge runden die musikalische Darbietung ab und animieren das Publikum zum Mitmachen.<\/p>\n<p><a href=\"http:\/\/jbo-scholz-geroda.de\/wordpress-trunk\/?page_id=95\">zum Dirigent<\/a><\/p>\n<p><a href=\"http:\/\/jbo-scholz-geroda.de\/wordpress-trunk\/?page_id=91\">zu den Musikern<\/a><\/p>\n<p><a href=\"http:\/\/jbo-scholz-geroda.de\/wordpress-trunk\/?page_id=93\">zu den Jungmusiker<\/a><\/p>\n<p><a href=\"https:\/\/www.jbo-scholz-geroda.de\/?page_id=2391\">zu den Informationen zur Mitgliedschaft<\/a><\/p>\n","protected":false},"excerpt":{"rendered":"<p>Unser Orchester besteht aus Jugendlichen und jung gebliebenen Erwachsenen im Alter zwischen 13 und 54 Jahren. Die meisten Aktiven kommen aus Geroda und dem Ortsteil Platz: Aber auch aus Singenrain, Sch\u00f6nderling, Stralsbach, Bad Kissingen und Bad Br\u00fcckenau haben Musikbegeisterte den Weg in unser Orchester gefunden. Das Hauptorchester mit \u00fcber 50\u2026<\/p>\n<p class=\"continue-reading-button\"> <a class=\"continue-reading-link\" href=\"https:\/\/www.jbo-scholz-geroda.de\/?page_id=40\">Continue reading<i class=\"crycon-right-dir\"><\/i><\/a><\/p>\n","protected":false},"author":1,"featured_media":0,"parent":0,"menu_order":0,"comment_status":"open","ping_status":"closed","template":"templates\/template-page-with-intro.php","meta":{"footnotes":""},"class_list":["post-40","page","type-page","status-publish","hentry"],"_links":{"self":[{"href":"https:\/\/www.jbo-scholz-geroda.de\/index.php?rest_route=\/wp\/v2\/pages\/40","targetHints":{"allow":["GET"]}}],"collection":[{"href":"https:\/\/www.jbo-scholz-geroda.de\/index.php?rest_route=\/wp\/v2\/pages"}],"about":[{"href":"https:\/\/www.jbo-scholz-geroda.de\/index.php?rest_route=\/wp\/v2\/types\/page"}],"author":[{"embeddable":true,"href":"https:\/\/www.jbo-scholz-geroda.de\/index.php?rest_route=\/wp\/v2\/users\/1"}],"replies":[{"embeddable":true,"href":"https:\/\/www.jbo-scholz-geroda.de\/index.php?rest_route=%2Fwp%2Fv2%2Fcomments&post=40"}],"version-history":[{"count":18,"href":"https:\/\/www.jbo-scholz-geroda.de\/index.php?rest_route=\/wp\/v2\/pages\/40\/revisions"}],"predecessor-version":[{"id":2397,"href":"https:\/\/www.jbo-scholz-geroda.de\/index.php?rest_route=\/wp\/v2\/pages\/40\/revisions\/2397"}],"wp:attachment":[{"href":"https:\/\/www.jbo-scholz-geroda.de\/index.php?rest_route=%2Fwp%2Fv2%2Fmedia&parent=40"}],"curies":[{"name":"wp","href":"https:\/\/api.w.org\/{rel}","templated":true}]}}